{"id":345,"date":"2021-05-23T05:37:20","date_gmt":"2021-05-23T05:37:20","guid":{"rendered":"http:\/\/annemurat.com\/index.php\/about\/"},"modified":"2025-09-02T18:32:36","modified_gmt":"2025-09-02T16:32:36","slug":"about","status":"publish","type":"page","link":"https:\/\/annemurat.com\/index.php\/about\/","title":{"rendered":"A propos"},"content":{"rendered":"\n<div class=\"wp-block-uagb-container uagb-block-f2021f72 alignfull uagb-is-root-container\"><div class=\"uagb-container-inner-blocks-wrap\">\n<div class=\"wp-block-uagb-container uagb-block-3ee2d7e5\">\n<div class=\"wp-block-uagb-info-box uagb-block-d8fc771e uagb-infobox__content-wrap  uagb-infobox-icon-above-title uagb-infobox-image-valign-top\"><div class=\"uagb-ifb-content\"><div class=\"uagb-ifb-title-wrap\"><div class=\"uagb-ifb-separator\"><\/div><h1 class=\"uagb-ifb-title\">\u00c0 propos<\/h1><\/div><\/div><\/div>\n<\/div>\n\n\n\n<div class=\"wp-block-uagb-container uag-blocks-common-selector uagb-block-10d6c36b\"><\/div>\n<\/div><\/div>\n\n\n\n<div class=\"wp-block-uagb-container uag-blocks-common-selector uagb-block-49f0bec0 alignfull uagb-is-root-container\"><div class=\"uagb-container-inner-blocks-wrap\">\n<div class=\"wp-block-uagb-info-box uagb-block-72597236 uagb-infobox__content-wrap  uagb-infobox-icon-above-title uagb-infobox-image-valign-top\"><div class=\"uagb-ifb-content\"><div class=\"uagb-ifb-title-wrap\"><h2 class=\"uagb-ifb-title\">Une qu\u00eate artistique et int\u00e9rieure<\/h2><\/div><\/div><\/div>\n<\/div><\/div>\n\n\n\n<div class=\"wp-block-uagb-container uagb-block-5c215010 alignfull uagb-is-root-container\"><div class=\"uagb-container-inner-blocks-wrap\">\n<div class=\"wp-block-uagb-container uagb-block-8ad0f40c\">\n<div class=\"wp-block-uagb-advanced-heading uagb-block-32404a58\"><h3 class=\"uagb-heading-text\"><strong>Transdisciplinarit\u00e9s<\/strong><\/h3><\/div>\n<\/div>\n\n\n\n<div class=\"wp-block-uagb-container uagb-block-f0480dec\">\n<div class=\"wp-block-uagb-advanced-heading uagb-block-103e00cd\"><p class=\"uagb-heading-text\">&#8220;<em>Qu\u00eate professionnelle autant que personnelle, la r\u00e9alisation nourrit ma curiosit\u00e9 cr\u00e9ative, mon go\u00fbt de l\u2019observation et de la transmission, et relie ma passion pour l\u2019image \u00e0 celle de l\u2019\u00e9criture et de la musique<\/em>&#8220;. <br>Pour Anne Murat, le documentaire, medium sensible, v\u00e9ritable art de la rencontre et de la pr\u00e9sence, permet d\u2019appr\u00e9hender le r\u00e9el avec humanisme et d\u2019en r\u00e9v\u00e9ler sa beaut\u00e9.<br>Sa formation transdisciplinaire en sciences politiques et en langues \u00e9trang\u00e8res, coupl\u00e9e \u00e0 un int\u00e9r\u00eat pour la psychologie et la philosophie, l&#8217;aident \u00e0 appr\u00e9hender les enjeux intellectuels et \u00e9thiques pos\u00e9s par la probl\u00e9matisation du r\u00e9el.<br><br>Son premier long m\u00e9trage documentaire \u201c\u00c0 quoi on joue ?\u201d, seule en immersion avec une troupe de th\u00e9\u00e2tre pendant un an, interroge le jeu comme apprentissage de la vie et chemin de connaissance. <br>\u201cRangoon Cocoon\u201d, tourn\u00e9 en Birmanie en compagnie du photographe Brice Richard, continue cette qu\u00eate de transmission tant par sa volont\u00e9 de donner un espace de parole \u00e0 un peuple en soif d\u2019avenir et de changement, que donner une image plus juste et nuanc\u00e9e d\u2019un pays m\u00e9connu. En Indon\u00e9sie, elle s&#8217;attache \u00e0 t\u00e9moigner d\u2019une souffrance silencieuse, celle des habitants des bidonvilles de Jakarta \u00e0 Bukit Duri, ou des exclus de Bali, en mettant en lumi\u00e8re l\u2019engagement de personnalit\u00e9s hors du commun, comme l\u2019incarne le Professeur Suryani. Avec David Bart, elle co-r\u00e9alise &#8220;Les Sir\u00e8nes du Yangzi&#8221;,  un film au fil de l&#8217;eau du fleuve qui traverse la Chine d&#8217;Ouest en Est, d&#8217;une m\u00e9galopole \u00e0 l&#8217;autre, d&#8217;une rencontre surprenante \u00e0 l&#8217;autre. <br><br>Le portrait sensible de l&#8217;artiste textile Ysabel de Maisonneuve l&#8217;a conduit avec David Bart du Japon \u00e0 la c\u00f4te Atlantique au gr\u00e9 de son inspiration, du shibori, des motifs et des couleurs.  <br>Elle travaille actuellement \u00e0 la r\u00e9alisation de documentaires de cr\u00e9ation autour de la transmission artistique, et poursuit son oeuvre au long cours nomm\u00e9e &#8220;R\u00e9volution int\u00e9rieure&#8221;.  <\/p><\/div>\n<\/div>\n<\/div><\/div>\n\n\n\n<div class=\"wp-block-uagb-container uagb-block-26eff99e alignfull uagb-is-root-container\"><div class=\"uagb-container-inner-blocks-wrap\">\n<div class=\"wp-block-uagb-container uagb-block-a8b75055\">\n<div class=\"wp-block-uagb-info-box uagb-block-a54fa964 uagb-infobox__content-wrap  uagb-infobox-icon-above-title uagb-infobox-image-valign-top\"><div class=\"uagb-ifb-content\"><div class=\"uagb-ifb-title-wrap\"><h2 class=\"uagb-ifb-title\">Comp\u00e9tences<\/h2><\/div><\/div><\/div>\n<\/div>\n\n\n\n<div class=\"wp-block-uagb-container uag-blocks-common-selector uagb-block-5b990053\">\n<div class=\"wp-block-uagb-advanced-heading uagb-block-b8b24d53\"><h6 class=\"uagb-heading-text\">Analyse, Synth\u00e8se, R\u00e9daction<\/h6><div class=\"uagb-separator\"><\/div><\/div>\n\n\n\n<div class=\"wp-block-uagb-advanced-heading uagb-block-ee68edba\"><h6 class=\"uagb-heading-text\">Prise de vue photo &amp; vid\u00e9o 4K &#8211; 360<\/h6><div class=\"uagb-separator\"><\/div><\/div>\n\n\n\n<div class=\"wp-block-uagb-advanced-heading uagb-block-afae2cf6\"><h6 class=\"uagb-heading-text\">Post-production vid\u00e9o, editing photo<\/h6><div class=\"uagb-separator\"><\/div><\/div>\n\n\n\n<div class=\"wp-block-uagb-advanced-heading uagb-block-eeaab296\"><h6 class=\"uagb-heading-text\">Ecoute, Empathie, Ethique<\/h6><div class=\"uagb-separator\"><\/div><\/div>\n\n\n\n<div class=\"wp-block-uagb-advanced-heading uagb-block-0847fdb8\"><h6 class=\"uagb-heading-text\">Anglais, Espagnol, Italien, Allemand<\/h6><div class=\"uagb-separator\"><\/div><\/div>\n<\/div>\n<\/div><\/div>\n\n\n\n<div class=\"wp-block-uagb-container uag-blocks-common-selector uagb-block-6f5253ac alignfull uagb-is-root-container\"><div class=\"uagb-container-inner-blocks-wrap\">\n<div class=\"wp-block-uagb-container uagb-block-3f5e5c3c\">\n<div class=\"wp-block-uagb-advanced-heading uagb-block-7e831ef2\"><h2 class=\"uagb-heading-text\">Parcours<\/h2><\/div>\n\n\n\n<div class=\"wp-block-uagb-container uagb-block-f3ec58ee\">\n<div class=\"wp-block-uagb-container uagb-block-21b4b4ea\">\n<div class=\"wp-block-uagb-info-box uagb-block-d3fb5852 uagb-infobox__content-wrap  uagb-infobox-icon-above-title uagb-infobox-image-valign-top\"><div class=\"uagb-ifb-content\"><div class=\"uagb-ifb-title-wrap\"><h6 class=\"uagb-ifb-title\">depuis 2017<\/h6><\/div><\/div><\/div>\n<\/div>\n\n\n\n<div class=\"wp-block-uagb-container uagb-block-a0d9bb73\">\n<div class=\"wp-block-uagb-info-box uagb-block-404f958b uagb-infobox__content-wrap  uagb-infobox-icon-above-title uagb-infobox-image-valign-top\"><div class=\"uagb-ifb-content\"><div class=\"uagb-ifb-title-wrap\"><h5 class=\"uagb-ifb-title\">Productrice <\/h5><\/div><p class=\"uagb-ifb-desc\">Co-cr\u00e9ation de la soci\u00e9t\u00e9 de production <a href=\"https:\/\/www.interbeing.fr\" data-type=\"link\" data-id=\"https:\/\/www.interbeing.fr\">INTERBEING<\/a> avec David Bart<\/p><\/div><\/div>\n<\/div>\n<\/div>\n\n\n\n<div class=\"wp-block-uagb-container uagb-block-69cf86c7\">\n<div class=\"wp-block-uagb-container uagb-block-a046d10f\">\n<div class=\"wp-block-uagb-info-box uagb-block-0763545c uagb-infobox__content-wrap  uagb-infobox-icon-above-title uagb-infobox-image-valign-top\"><div class=\"uagb-ifb-content\"><div class=\"uagb-ifb-title-wrap\"><h6 class=\"uagb-ifb-title\">depuis 2016<\/h6><\/div><\/div><\/div>\n<\/div>\n\n\n\n<div class=\"wp-block-uagb-container uagb-block-9eb34312\">\n<div class=\"wp-block-uagb-info-box uagb-block-e4a84da0 uagb-infobox__content-wrap  uagb-infobox-icon-above-title uagb-infobox-image-valign-top\"><div class=\"uagb-ifb-content\"><div class=\"uagb-ifb-title-wrap\"><h5 class=\"uagb-ifb-title\">Formatrice et Conf\u00e9renci\u00e8re <\/h5><\/div><p class=\"uagb-ifb-desc\">D\u00e9veloppement d&#8217;une activit\u00e9 de formation et d&#8217;animation de conf\u00e9rences<\/p><\/div><\/div>\n<\/div>\n<\/div>\n\n\n\n<div class=\"wp-block-uagb-container uagb-block-f0f1ed02\">\n<div class=\"wp-block-uagb-container uagb-block-1d5cc75e\">\n<div class=\"wp-block-uagb-info-box uagb-block-f3d5d7dc uagb-infobox__content-wrap  uagb-infobox-icon-above-title uagb-infobox-image-valign-top\"><div class=\"uagb-ifb-content\"><div class=\"uagb-ifb-title-wrap\"><h6 class=\"uagb-ifb-title\">depuis 2004<\/h6><\/div><\/div><\/div>\n<\/div>\n\n\n\n<div class=\"wp-block-uagb-container uagb-block-f2e36f53\">\n<div class=\"wp-block-uagb-info-box uagb-block-35972e50 uagb-infobox__content-wrap  uagb-infobox-icon-above-title uagb-infobox-image-valign-top\"><div class=\"uagb-ifb-content\"><div class=\"uagb-ifb-title-wrap\"><h5 class=\"uagb-ifb-title\">Auteure et R\u00e9alisatrice <\/h5><\/div><p class=\"uagb-ifb-desc\">Tournages en Asie (Birmanie, Inde, Indon\u00e9sie, Japon, Philippines, Cor\u00e9e du Sud, Chine), et en Europe <\/p><\/div><\/div>\n<\/div>\n<\/div>\n<\/div>\n<\/div><\/div>\n\n\n\n<div class=\"wp-block-uagb-container uagb-block-2762e1d9 alignfull uagb-is-root-container\"><div class=\"uagb-container-inner-blocks-wrap\">\n<ul class=\"wp-block-social-links aligncenter is-layout-flex wp-block-social-links-is-layout-flex\"><li class=\"wp-social-link wp-social-link-vimeo  wp-block-social-link\"><a rel=\"noopener nofollow\" target=\"_blank\" href=\"https:\/\/vimeo.com\/annemurat\" class=\"wp-block-social-link-anchor\"><svg width=\"24\" height=\"24\" viewBox=\"0 0 24 24\" version=\"1.1\" xmlns=\"http:\/\/www.w3.org\/2000\/svg\" aria-hidden=\"true\" focusable=\"false\"><path d=\"M22.396,7.164c-0.093,2.026-1.507,4.799-4.245,8.32C15.322,19.161,12.928,21,10.97,21c-1.214,0-2.24-1.119-3.079-3.359 c-0.56-2.053-1.119-4.106-1.68-6.159C5.588,9.243,4.921,8.122,4.206,8.122c-0.156,0-0.701,0.328-1.634,0.98L1.594,7.841 c1.027-0.902,2.04-1.805,3.037-2.708C6.001,3.95,7.03,3.327,7.715,3.264c1.619-0.156,2.616,0.951,2.99,3.321 c0.404,2.557,0.685,4.147,0.841,4.769c0.467,2.121,0.981,3.181,1.542,3.181c0.435,0,1.09-0.688,1.963-2.065 c0.871-1.376,1.338-2.422,1.401-3.142c0.125-1.187-0.343-1.782-1.401-1.782c-0.498,0-1.012,0.115-1.541,0.341 c1.023-3.35,2.977-4.977,5.862-4.884C21.511,3.066,22.52,4.453,22.396,7.164z\"><\/path><\/svg><span class=\"wp-block-social-link-label screen-reader-text\">Vimeo<\/span><\/a><\/li>\n\n<li class=\"wp-social-link wp-social-link-linkedin  wp-block-social-link\"><a rel=\"noopener nofollow\" target=\"_blank\" href=\"https:\/\/www.linkedin.com\/in\/annemurat\/\" class=\"wp-block-social-link-anchor\"><svg width=\"24\" height=\"24\" viewBox=\"0 0 24 24\" version=\"1.1\" xmlns=\"http:\/\/www.w3.org\/2000\/svg\" aria-hidden=\"true\" focusable=\"false\"><path d=\"M19.7,3H4.3C3.582,3,3,3.582,3,4.3v15.4C3,20.418,3.582,21,4.3,21h15.4c0.718,0,1.3-0.582,1.3-1.3V4.3 C21,3.582,20.418,3,19.7,3z M8.339,18.338H5.667v-8.59h2.672V18.338z M7.004,8.574c-0.857,0-1.549-0.694-1.549-1.548 c0-0.855,0.691-1.548,1.549-1.548c0.854,0,1.547,0.694,1.547,1.548C8.551,7.881,7.858,8.574,7.004,8.574z M18.339,18.338h-2.669 v-4.177c0-0.996-0.017-2.278-1.387-2.278c-1.389,0-1.601,1.086-1.601,2.206v4.249h-2.667v-8.59h2.559v1.174h0.037 c0.356-0.675,1.227-1.387,2.526-1.387c2.703,0,3.203,1.779,3.203,4.092V18.338z\"><\/path><\/svg><span class=\"wp-block-social-link-label screen-reader-text\">LinkedIn<\/span><\/a><\/li><\/ul>\n<\/div><\/div>\n","protected":false},"excerpt":{"rendered":"","protected":false},"author":1,"featured_media":0,"parent":0,"menu_order":0,"comment_status":"closed","ping_status":"closed","template":"","meta":{"site-sidebar-layout":"no-sidebar","site-content-layout":"page-builder","ast-global-header-display":"","ast-main-header-display":"","ast-hfb-above-header-display":"","ast-hfb-below-header-display":"","ast-hfb-mobile-header-display":"","site-post-title":"disabled","ast-breadcrumbs-content":"disabled","ast-featured-img":"disabled","footer-sml-layout":"","theme-transparent-header-meta":"enabled","adv-header-id-meta":"","stick-header-meta":"","header-above-stick-meta":"","header-main-stick-meta":"","header-below-stick-meta":"","footnotes":""},"class_list":["post-345","page","type-page","status-publish","hentry"],"uagb_featured_image_src":{"full":false,"thumbnail":false,"medium":false,"medium_large":false,"large":false,"1536x1536":false,"2048x2048":false},"uagb_author_info":{"display_name":"admin5874","author_link":"https:\/\/annemurat.com\/index.php\/author\/admin5874\/"},"uagb_comment_info":0,"uagb_excerpt":null,"_links":{"self":[{"href":"https:\/\/annemurat.com\/index.php\/wp-json\/wp\/v2\/pages\/345","targetHints":{"allow":["GET"]}}],"collection":[{"href":"https:\/\/annemurat.com\/index.php\/wp-json\/wp\/v2\/pages"}],"about":[{"href":"https:\/\/annemurat.com\/index.php\/wp-json\/wp\/v2\/types\/page"}],"author":[{"embeddable":true,"href":"https:\/\/annemurat.com\/index.php\/wp-json\/wp\/v2\/users\/1"}],"replies":[{"embeddable":true,"href":"https:\/\/annemurat.com\/index.php\/wp-json\/wp\/v2\/comments?post=345"}],"version-history":[{"count":27,"href":"https:\/\/annemurat.com\/index.php\/wp-json\/wp\/v2\/pages\/345\/revisions"}],"predecessor-version":[{"id":1066,"href":"https:\/\/annemurat.com\/index.php\/wp-json\/wp\/v2\/pages\/345\/revisions\/1066"}],"wp:attachment":[{"href":"https:\/\/annemurat.com\/index.php\/wp-json\/wp\/v2\/media?parent=345"}],"curies":[{"name":"wp","href":"https:\/\/api.w.org\/{rel}","templated":true}]}}